{"id":232,"date":"2015-11-21T14:44:39","date_gmt":"2015-11-21T14:44:39","guid":{"rendered":"https:\/\/aikidoschule-lyss.ch\/aikidolyss2025\/aikidoschule-lyss-2\/"},"modified":"2025-10-13T05:41:42","modified_gmt":"2025-10-13T04:41:42","slug":"aikidoschule-lyss-2","status":"publish","type":"page","link":"https:\/\/aikidoschule-lyss.ch\/aikidolyss2025\/aikidoschule-lyss-2\/","title":{"rendered":"Aikidoschule Lyss"},"content":{"rendered":"\t\t<div data-elementor-type=\"wp-page\" data-elementor-id=\"232\" class=\"elementor elementor-232\" data-elementor-post-type=\"page\">\n\t\t\t\t<div class=\"elementor-element elementor-element-20003929 e-flex e-con-boxed e-con e-parent\" data-id=\"20003929\" data-element_type=\"container\" data-e-type=\"container\">\n\t\t\t\t\t<div class=\"e-con-inner\">\n\t\t\t\t<div class=\"elementor-element elementor-element-8ede33a elementor-widget elementor-widget-text-editor\" data-id=\"8ede33a\" data-element_type=\"widget\" data-e-type=\"widget\" data-widget_type=\"text-editor.default\">\n\t\t\t\t<div class=\"elementor-widget-container\">\n\t\t\t\t\t\t\t\t\t<p style=\"text-align: justify;\">Herzlich willkommen auf unserer Seite<\/p>\n<p style=\"text-align: justify;\">Wir sind die Aikidoschule in Lyss. Unsere Schule basiert auf der Lehre von\u00a0<span style=\"color: #0000ff;\"><strong><a style=\"color: #0000ff;\" title=\"Morihei Ueshiba in Wikipedia\" href=\"https:\/\/de.wikipedia.org\/wiki\/Ueshiba_Morihei\" target=\"_blank\" rel=\"noopener noreferrer\">Morihei Ueshiba<\/a><\/strong><\/span>\u00a0(genannt: O-Sensei), dem Begr\u00fcnder des Aikido.<\/p>\n<p style=\"text-align: justify;\">Als Tochterdojo des Aikido Dojos in Ostermundigen (<a href=\"https:\/\/www.aikidoschule-ostermundigen.ch\" target=\"_blank\" rel=\"noopener\"><span style=\"color: #0000ff;\"><strong>aikidoschule-ostermundigen.ch<\/strong><\/span><\/a>), geh\u00f6ren wir zum gr\u00f6ssten Aikido Verband der Schweiz (<span style=\"color: #0000ff;\"><strong><a style=\"color: #0000ff;\" href=\"http:\/\/www.aikikai.ch\/\" target=\"_blank\" rel=\"noopener noreferrer\">ACSA<\/a><\/strong><\/span>).<\/p>\n<p style=\"text-align: justify;\">Im Verbund &#8220;<span style=\"color: #0000ff;\"><strong><a style=\"color: #0000ff;\" href=\"https:\/\/aikidoschule-lyss.ch\/aikidolyss2025\/cercle-d-aikido\/\">Cercle d&#8217;aikido<\/a><\/strong><\/span>&#8220;, stellen wir die Weiterbildung unserer Instruktoren, die Stellvertretung bei Ferien oder sonstigen Abwesenheiten sicher und bieten unseren Mitgliedern die M\u00f6glichkeit ohne Mehrkosten in jedem &#8220;<span style=\"color: #0000ff;\"><strong><a style=\"color: #0000ff;\" href=\"https:\/\/aikidoschule-lyss.ch\/aikidolyss2025\/cercle-d-aikido\/\">Cercle d&#8217;aikido<\/a><\/strong><\/span>&#8220;-Dojo trainieren zu k\u00f6nnen.<\/p>\n<p style=\"text-align: justify;\">Unser Ziel ist es diese harmonische, friedfertige und herausfordernde Kampfkunst &#8220;<span style=\"color: #0000ff;\"><strong><a style=\"color: #0000ff;\" href=\"https:\/\/de.wikipedia.org\/wiki\/Aikid%C5%8D\" target=\"_blank\" rel=\"noopener noreferrer\">Aikido<\/a><\/strong><\/span>&#8221; allen interessierten beizubringen und somit die Lehre von <span style=\"color: #0000ff;\"><strong><a style=\"color: #0000ff;\" href=\"https:\/\/de.wikipedia.org\/wiki\/Ueshiba_Morihei\" target=\"_blank\" rel=\"noopener noreferrer\">O-Sensei<\/a><\/strong><\/span> an die n\u00e4chste Generation weiterzugeben.<\/p>\n<p style=\"text-align: justify;\">Gerne heissen wir sie willkommen in unseren <span style=\"color: #0000ff;\"><strong><a style=\"color: #0000ff;\" href=\"https:\/\/aikidoschule-lyss.ch\/aikidolyss2025\/bilder-trainingsraum\/\">R\u00e4umlichkeiten<\/a><\/strong><\/span> f\u00fcr ein Probetraining oder einfach zum Zuschauen.<\/p>\n<p style=\"text-align: justify;\">&#8220;<em><strong>Verpassen Sie nicht die Chance diese wunderbare Kampfkunst kennen zu lernen<\/strong><\/em>&#8220;<\/p>\n<p style=\"text-align: justify;\">Aikido f\u00f6rdert ihre Fitness, ihre koordinativen F\u00e4higkeiten, ihre Beweglichkeit, ihr Selbstvertrauen und die F\u00e4higkeit zur Selbstverteidigung.<\/p>\n<p style=\"text-align: justify;\">Der Einstieg ist in jedem Alter m\u00f6glich.<\/p>\n<p style=\"text-align: justify;\">Wir freuen uns auf\u00a0Sie.<\/p>\n<div class=\"wp-block-image\">\n<figure class=\"aligncenter size-full\"><img fetchpriority=\"high\" decoding=\"async\" width=\"342\" height=\"413\" class=\"wp-image-343\" src=\"https:\/\/aikidoschule-lyss.ch\/aikidolyss2025\/wp-content\/uploads\/2025\/08\/aikido_logo_trsp.png\" alt=\"\" srcset=\"https:\/\/aikidoschule-lyss.ch\/aikidolyss2025\/wp-content\/uploads\/2025\/08\/aikido_logo_trsp.png 342w, https:\/\/aikidoschule-lyss.ch\/aikidolyss2025\/wp-content\/uploads\/2025\/08\/aikido_logo_trsp-248x300.png 248w\" sizes=\"(max-width: 342px) 100vw, 342px\" \/><\/figure>\n<\/div>\t\t\t\t\t\t\t\t<\/div>\n\t\t\t\t<\/div>\n\t\t\t\t\t<\/div>\n\t\t\t\t<\/div>\n\t\t\t\t<\/div>\n\t\t","protected":false},"excerpt":{"rendered":"<p>Herzlich willkommen auf unserer Seite Wir sind die Aikidoschule in Lyss. Unsere Schule [&hellip;]<\/p>\n","protected":false},"author":1,"featured_media":0,"parent":0,"menu_order":26,"comment_status":"closed","ping_status":"closed","template":"","meta":{"_crdt_document":"","_price":"","_stock":"","_tribe_ticket_header":"","_tribe_default_ticket_provider":"","_tribe_ticket_capacity":"0","_ticket_start_date":"","_ticket_end_date":"","_tribe_ticket_show_description":"","_tribe_ticket_show_not_going":false,"_tribe_ticket_use_global_stock":"","_tribe_ticket_global_stock_level":"","_global_stock_mode":"","_global_stock_cap":"","_tribe_rsvp_for_event":"","_tribe_ticket_going_count":"","_tribe_ticket_not_going_count":"","_tribe_tickets_list":"[]","_tribe_ticket_has_attendee_info_fields":false,"_kadence_starter_templates_imported_post":false,"footnotes":"","_tec_slr_enabled":"","_tec_slr_layout":""},"class_list":["post-232","page","type-page","status-publish","hentry"],"ticketed":false,"_links":{"self":[{"href":"https:\/\/aikidoschule-lyss.ch\/aikidolyss2025\/wp-json\/wp\/v2\/pages\/232","targetHints":{"allow":["GET"]}}],"collection":[{"href":"https:\/\/aikidoschule-lyss.ch\/aikidolyss2025\/wp-json\/wp\/v2\/pages"}],"about":[{"href":"https:\/\/aikidoschule-lyss.ch\/aikidolyss2025\/wp-json\/wp\/v2\/types\/page"}],"author":[{"embeddable":true,"href":"https:\/\/aikidoschule-lyss.ch\/aikidolyss2025\/wp-json\/wp\/v2\/users\/1"}],"replies":[{"embeddable":true,"href":"https:\/\/aikidoschule-lyss.ch\/aikidolyss2025\/wp-json\/wp\/v2\/comments?post=232"}],"version-history":[{"count":17,"href":"https:\/\/aikidoschule-lyss.ch\/aikidolyss2025\/wp-json\/wp\/v2\/pages\/232\/revisions"}],"predecessor-version":[{"id":1044,"href":"https:\/\/aikidoschule-lyss.ch\/aikidolyss2025\/wp-json\/wp\/v2\/pages\/232\/revisions\/1044"}],"wp:attachment":[{"href":"https:\/\/aikidoschule-lyss.ch\/aikidolyss2025\/wp-json\/wp\/v2\/media?parent=232"}],"curies":[{"name":"wp","href":"https:\/\/api.w.org\/{rel}","templated":true}]}}

<div data-elementor-type="wp-page" data-elementor-id="232" class="elementor elementor-232" data-elementor-post-type="page">
				<div class="elementor-element elementor-element-20003929 e-flex e-con-boxed e-con e-parent" data-id="20003929" data-element_type="container" data-e-type="container">
					<div class="e-con-inner">
				<div class="elementor-element elementor-element-8ede33a elementor-widget elementor-widget-text-editor" data-id="8ede33a" data-element_type="widget" data-e-type="widget" data-widget_type="text-editor.default">
				<div class="elementor-widget-container">
									<p style="text-align: justify;">Herzlich willkommen auf unserer Seite</p>
<p style="text-align: justify;">Wir sind die Aikidoschule in Lyss. Unsere Schule basiert auf der Lehre von <span style="color: #0000ff;"><strong><a style="color: #0000ff;" title="Morihei Ueshiba in Wikipedia" href="https://de.wikipedia.org/wiki/Ueshiba_Morihei" target="_blank" rel="noopener noreferrer">Morihei Ueshiba</a></strong></span> (genannt: O-Sensei), dem Begründer des Aikido.</p>
<p style="text-align: justify;">Als Tochterdojo des Aikido Dojos in Ostermundigen (<a href="https://www.aikidoschule-ostermundigen.ch" target="_blank" rel="noopener"><span style="color: #0000ff;"><strong>aikidoschule-ostermundigen.ch</strong></span></a>), gehören wir zum grössten Aikido Verband der Schweiz (<span style="color: #0000ff;"><strong><a style="color: #0000ff;" href="http://www.aikikai.ch/" target="_blank" rel="noopener noreferrer">ACSA</a></strong></span>).</p>
<p style="text-align: justify;">Im Verbund &#8220;<span style="color: #0000ff;"><strong><a style="color: #0000ff;" href="https://aikidoschule-lyss.ch/aikidolyss2025/cercle-d-aikido/">Cercle d&#8217;aikido</a></strong></span>&#8220;, stellen wir die Weiterbildung unserer Instruktoren, die Stellvertretung bei Ferien oder sonstigen Abwesenheiten sicher und bieten unseren Mitgliedern die Möglichkeit ohne Mehrkosten in jedem &#8220;<span style="color: #0000ff;"><strong><a style="color: #0000ff;" href="https://aikidoschule-lyss.ch/aikidolyss2025/cercle-d-aikido/">Cercle d&#8217;aikido</a></strong></span>&#8220;-Dojo trainieren zu können.</p>
<p style="text-align: justify;">Unser Ziel ist es diese harmonische, friedfertige und herausfordernde Kampfkunst &#8220;<span style="color: #0000ff;"><strong><a style="color: #0000ff;" href="https://de.wikipedia.org/wiki/Aikid%C5%8D" target="_blank" rel="noopener noreferrer">Aikido</a></strong></span>&#8221; allen interessierten beizubringen und somit die Lehre von <span style="color: #0000ff;"><strong><a style="color: #0000ff;" href="https://de.wikipedia.org/wiki/Ueshiba_Morihei" target="_blank" rel="noopener noreferrer">O-Sensei</a></strong></span> an die nächste Generation weiterzugeben.</p>
<p style="text-align: justify;">Gerne heissen wir sie willkommen in unseren <span style="color: #0000ff;"><strong><a style="color: #0000ff;" href="https://aikidoschule-lyss.ch/aikidolyss2025/bilder-trainingsraum/">Räumlichkeiten</a></strong></span> für ein Probetraining oder einfach zum Zuschauen.</p>
<p style="text-align: justify;">&#8220;<em><strong>Verpassen Sie nicht die Chance diese wunderbare Kampfkunst kennen zu lernen</strong></em>&#8220;</p>
<p style="text-align: justify;">Aikido fördert ihre Fitness, ihre koordinativen Fähigkeiten, ihre Beweglichkeit, ihr Selbstvertrauen und die Fähigkeit zur Selbstverteidigung.</p>
<p style="text-align: justify;">Der Einstieg ist in jedem Alter möglich.</p>
<p style="text-align: justify;">Wir freuen uns auf Sie.</p>
<div class="wp-block-image">
<figure class="aligncenter size-full"><img fetchpriority="high" decoding="async" width="342" height="413" class="wp-image-343" src="https://aikidoschule-lyss.ch/aikidolyss2025/wp-content/uploads/2025/08/aikido_logo_trsp.png" alt="" srcset="https://aikidoschule-lyss.ch/aikidolyss2025/wp-content/uploads/2025/08/aikido_logo_trsp.png 342w, https://aikidoschule-lyss.ch/aikidolyss2025/wp-content/uploads/2025/08/aikido_logo_trsp-248x300.png 248w" sizes="(max-width: 342px) 100vw, 342px" /></figure>
</div>								</div>
				</div>
					</div>
				</div>
				</div>
