{"id":233,"date":"2015-11-22T19:20:53","date_gmt":"2015-11-22T19:20:53","guid":{"rendered":"https:\/\/aikidoschule-lyss.ch\/aikidolyss2025\/cercle-d-aikido\/"},"modified":"2015-11-22T19:20:53","modified_gmt":"2015-11-22T19:20:53","slug":"cercle-d-aikido","status":"publish","type":"page","link":"https:\/\/aikidoschule-lyss.ch\/aikidolyss2025\/cercle-d-aikido\/","title":{"rendered":"Cercle d&#8217;aikido"},"content":{"rendered":"<p>Der Cercle d&#8217;aikido ist ein Verbund von Aikidoschulen mit folgenden Zielen:<\/p>\n<ul>\n<li>Sicherstellen der Weiterbildung der Instruktoren&nbsp;aller Mitglieder Dojos<\/li>\n<li>Sicherstellen der Stellvertretungen bei Ferien- oder anderen Abwesenheiten<\/li>\n<li>Erweiterung der Dienstleitung f\u00fcr die Mitglieder durch die M\u00f6glichkeit ohne Mehrkosten in jedem Mitglieder Dojo trainieren zu k\u00f6nnen<\/li>\n<li>F\u00f6rdern des Zusammenhalts unter den Mitglieds Dojos&nbsp;<\/li>\n<li>Unterst\u00fctzung bei Gr\u00fcndung neuer Dojos<\/li>\n<\/ul>\n<p>&nbsp;Das japanische Kreissymbol &#8220;Ens\u00f2&#8221; ist das Emblem dieses Verbunds.<\/p>\n<p>Bei Interesse nehmen Sie <span style=\"color: #0000ff;\"><strong><a href=\"kontakt\" style=\"color: #0000ff;\" title=\"Cercle d'aikido\">Kontakt<\/a><\/strong><\/span>&nbsp;mit uns auf<\/p>\n<p>&nbsp;<\/p>\n<h3>&nbsp;<\/h3>\n<h3>Liste der Mitglieder Dojos<\/h3>\n<table style=\"width: 400px; float: left;\">\n<tbody>\n<tr>\n<td style=\"background-color: #326ad1; border-color: #ffffff;\"><strong><span style=\"color: #ffffff;\">Dojo<\/span><\/strong><\/td>\n<td style=\"background-color: #326ad1; border-color: #ffffff;\"><strong><span style=\"color: #ffffff;\">Ansprechperson<\/span><\/strong><\/td>\n<\/tr>\n<tr>\n<td><a href=\"https:\/\/www.aikidobern.ch\" target=\"_blank\" rel=\"noopener\">Aikido Bern<\/a><\/td>\n<td>Thomas Moser<\/td>\n<\/tr>\n<tr>\n<td>Aikidoschule Lyss<\/td>\n<td>Claudio Caderas<\/td>\n<\/tr>\n<tr>\n<td><a href=\"https:\/\/www.aikidoschule-ostermundigen.ch\" target=\"_blank\" rel=\"noopener\">Aikidoschule Ostermundigen<\/a><\/td>\n<td>Thomas Moser<\/td>\n<\/tr>\n<\/tbody>\n<\/table>\n<p>&nbsp;<\/p>\n<p>&nbsp;<\/p>\n<p>&nbsp;<\/p>\n<p>&nbsp;<\/p>\n<p>&nbsp;<\/p>\n<p>&nbsp;<\/p>\n<p><iframe src=\"https:\/\/www.google.com\/maps\/d\/embed?mid=zJMK_52OsXu8.kcQzqt0wjTQk\" width=\"640\" height=\"480\"><\/iframe><\/p>\n<p>&nbsp;<\/p>\n<p>&nbsp;<\/p>\n<p>&nbsp;<\/p>\n","protected":false},"excerpt":{"rendered":"<p>Der Cercle d&#8217;aikido ist ein Verbund von Aikidoschulen mit folgenden Zielen: Sicherstellen der [&hellip;]<\/p>\n","protected":false},"author":1,"featured_media":0,"parent":0,"menu_order":25,"comment_status":"closed","ping_status":"closed","template":"","meta":{"_crdt_document":"","_price":"","_stock":"","_tribe_ticket_header":"","_tribe_default_ticket_provider":"","_tribe_ticket_capacity":"0","_ticket_start_date":"","_ticket_end_date":"","_tribe_ticket_show_description":"","_tribe_ticket_show_not_going":false,"_tribe_ticket_use_global_stock":"","_tribe_ticket_global_stock_level":"","_global_stock_mode":"","_global_stock_cap":"","_tribe_rsvp_for_event":"","_tribe_ticket_going_count":"","_tribe_ticket_not_going_count":"","_tribe_tickets_list":"[]","_tribe_ticket_has_attendee_info_fields":false,"_kadence_starter_templates_imported_post":false,"footnotes":"","_tec_slr_enabled":"","_tec_slr_layout":""},"class_list":["post-233","page","type-page","status-publish","hentry"],"ticketed":false,"_links":{"self":[{"href":"https:\/\/aikidoschule-lyss.ch\/aikidolyss2025\/wp-json\/wp\/v2\/pages\/233","targetHints":{"allow":["GET"]}}],"collection":[{"href":"https:\/\/aikidoschule-lyss.ch\/aikidolyss2025\/wp-json\/wp\/v2\/pages"}],"about":[{"href":"https:\/\/aikidoschule-lyss.ch\/aikidolyss2025\/wp-json\/wp\/v2\/types\/page"}],"author":[{"embeddable":true,"href":"https:\/\/aikidoschule-lyss.ch\/aikidolyss2025\/wp-json\/wp\/v2\/users\/1"}],"replies":[{"embeddable":true,"href":"https:\/\/aikidoschule-lyss.ch\/aikidolyss2025\/wp-json\/wp\/v2\/comments?post=233"}],"version-history":[{"count":0,"href":"https:\/\/aikidoschule-lyss.ch\/aikidolyss2025\/wp-json\/wp\/v2\/pages\/233\/revisions"}],"wp:attachment":[{"href":"https:\/\/aikidoschule-lyss.ch\/aikidolyss2025\/wp-json\/wp\/v2\/media?parent=233"}],"curies":[{"name":"wp","href":"https:\/\/api.w.org\/{rel}","templated":true}]}}

<p>Der Cercle d&#8217;aikido ist ein Verbund von Aikidoschulen mit folgenden Zielen:</p>
<ul>
<li>Sicherstellen der Weiterbildung der Instruktoren&nbsp;aller Mitglieder Dojos</li>
<li>Sicherstellen der Stellvertretungen bei Ferien- oder anderen Abwesenheiten</li>
<li>Erweiterung der Dienstleitung für die Mitglieder durch die Möglichkeit ohne Mehrkosten in jedem Mitglieder Dojo trainieren zu können</li>
<li>Fördern des Zusammenhalts unter den Mitglieds Dojos&nbsp;</li>
<li>Unterstützung bei Gründung neuer Dojos</li>
</ul>
<p>&nbsp;Das japanische Kreissymbol &#8220;Ensò&#8221; ist das Emblem dieses Verbunds.</p>
<p>Bei Interesse nehmen Sie <span style="color: #0000ff;"><strong><a href="kontakt" style="color: #0000ff;" title="Cercle d'aikido">Kontakt</a></strong></span>&nbsp;mit uns auf</p>
<p>&nbsp;</p>
<h3>&nbsp;</h3>
<h3>Liste der Mitglieder Dojos</h3>
<table style="width: 400px; float: left;">
<tbody>
<tr>
<td style="background-color: #326ad1; border-color: #ffffff;"><strong><span style="color: #ffffff;">Dojo</span></strong></td>
<td style="background-color: #326ad1; border-color: #ffffff;"><strong><span style="color: #ffffff;">Ansprechperson</span></strong></td>
</tr>
<tr>
<td><a href="https://www.aikidobern.ch" target="_blank" rel="noopener">Aikido Bern</a></td>
<td>Thomas Moser</td>
</tr>
<tr>
<td>Aikidoschule Lyss</td>
<td>Claudio Caderas</td>
</tr>
<tr>
<td><a href="https://www.aikidoschule-ostermundigen.ch" target="_blank" rel="noopener">Aikidoschule Ostermundigen</a></td>
<td>Thomas Moser</td>
</tr>
</tbody>
</table>
<p>&nbsp;</p>
<p>&nbsp;</p>
<p>&nbsp;</p>
<p>&nbsp;</p>
<p>&nbsp;</p>
<p>&nbsp;</p>
<p><iframe src="https://www.google.com/maps/d/embed?mid=zJMK_52OsXu8.kcQzqt0wjTQk" width="640" height="480"></iframe></p>
<p>&nbsp;</p>
<p>&nbsp;</p>
<p>&nbsp;</p>
