{"id":238,"date":"2016-01-15T21:42:42","date_gmt":"2016-01-15T21:42:42","guid":{"rendered":"https:\/\/aikidoschule-lyss.ch\/aikidolyss2025\/raum-mieten\/"},"modified":"2025-10-11T16:51:23","modified_gmt":"2025-10-11T15:51:23","slug":"raum-mieten","status":"publish","type":"page","link":"https:\/\/aikidoschule-lyss.ch\/aikidolyss2025\/raum-mieten\/","title":{"rendered":"Trainingsraum mieten"},"content":{"rendered":"\t\t<div data-elementor-type=\"wp-page\" data-elementor-id=\"238\" class=\"elementor elementor-238\" data-elementor-post-type=\"page\">\n\t\t\t\t<div class=\"elementor-element elementor-element-65055afb e-flex e-con-boxed e-con e-parent\" data-id=\"65055afb\" data-element_type=\"container\" data-e-type=\"container\">\n\t\t\t\t\t<div class=\"e-con-inner\">\n\t\t\t\t<div class=\"elementor-element elementor-element-3f7ce629 elementor-widget elementor-widget-text-editor\" data-id=\"3f7ce629\" data-element_type=\"widget\" data-e-type=\"widget\" data-widget_type=\"text-editor.default\">\n\t\t\t\t<div class=\"elementor-widget-container\">\n\t\t\t\t\t\t\t\t\t<h1 style=\"text-align: justify;\">Grosser Trainingsraum<\/h1><p>Das Dojo kann ausserhalb der schon belegten Trainingszeiten (siehe &#8220;Verf\u00fcgbarkeit&#8221;) zu sehr guten Konditionen gemietet werden. Die Mietpreise k\u00f6nnen unter <a href=\"index.php?option=com_contact&amp;view=contact&amp;id=1&amp;catid=4\">info@aikidoschule-lyss.ch<\/a>\u00a0erfragt werden.<\/p><p>Die gr\u00f6sste Fl\u00e4che des Dojos ist mit Judomatten belegt (100m2). Diese d\u00fcrfen nur barfuss oder in Socken betreten werden. Schwere Gegenst\u00e4nde oder Gegenst\u00e4nde die eine hohe Fl\u00e4chenbelastung zur Folge haben (wie St\u00fchle) d\u00fcrfen nicht auf den Matten platziert werden.<\/p><p>Es stehen zwei Umkleider\u00e4ume, eine Toilette, ein Duschraum (mit 2 Duschk\u00f6pfen) und eine K\u00fcche zur Verf\u00fcgung.<\/p><p>Da der Raum in einer Wohnzone liegt, ist die L\u00e4rmbelastung limitiert. Somit wird erst nach der Anfrage entschieden ob der Raum f\u00fcr den vorgesehenen Nutzungszweck freigegeben werden kann oder eben nicht.<\/p><p>Wir sind haupts\u00e4chlich an einer langfristigen Vermietung interessiert.<\/p><h3><img fetchpriority=\"high\" decoding=\"async\" class=\"alignnone  wp-image-875\" src=\"https:\/\/aikidoschule-lyss.ch\/aikidolyss2025\/wp-content\/uploads\/2025\/10\/20240802_134956848_iOS-300x225.jpg\" alt=\"\" width=\"748\" height=\"561\" srcset=\"https:\/\/aikidoschule-lyss.ch\/aikidolyss2025\/wp-content\/uploads\/2025\/10\/20240802_134956848_iOS-300x225.jpg 300w, https:\/\/aikidoschule-lyss.ch\/aikidolyss2025\/wp-content\/uploads\/2025\/10\/20240802_134956848_iOS-1024x768.jpg 1024w, https:\/\/aikidoschule-lyss.ch\/aikidolyss2025\/wp-content\/uploads\/2025\/10\/20240802_134956848_iOS-768x576.jpg 768w, https:\/\/aikidoschule-lyss.ch\/aikidolyss2025\/wp-content\/uploads\/2025\/10\/20240802_134956848_iOS-1536x1152.jpg 1536w, https:\/\/aikidoschule-lyss.ch\/aikidolyss2025\/wp-content\/uploads\/2025\/10\/20240802_134956848_iOS-2048x1536.jpg 2048w\" sizes=\"(max-width: 748px) 100vw, 748px\" \/><\/h3><h3>Lage<\/h3><ul><li style=\"text-align: justify;\">Der Raum ist gut gelegen, in mitten eines Wohnquartiers, als einziger Raum f\u00fcr solche Angebote (siehe: <span style=\"color: #0000ff;\"><strong><a style=\"color: #0000ff;\" href=\"https:\/\/aikidoschule-lyss.ch\/aikidolyss2025\/blue-center\/\">Standort<\/a><\/strong><\/span>).<\/li><\/ul><h3>Parkpl\u00e4tze<\/h3><ul><li>Siehe <span style=\"color: #0000ff;\"><strong><a style=\"color: #0000ff;\" href=\"index.php\/blue-center\/parkplaetze\">Parkpl\u00e4tze<\/a><\/strong><\/span><\/li><\/ul><h3 style=\"text-align: justify;\">Verf\u00fcgbarkeit<\/h3><ul><li style=\"text-align: justify;\">Die Verf\u00fcgbarkeit (Zeitslots) k\u00f6nnen sie unter &#8220;<span style=\"color: #0000ff;\"><strong><a style=\"color: #0000ff;\" href=\"https:\/\/aikidoschule-lyss.ch\/aikidolyss2025\/raumbelegung-trainingsraum\/\">Raumbelegung<\/a><\/strong><\/span>&#8221;\u00a0sehen.<\/li><\/ul><h3>Preise<\/h3><table style=\"float: left;\"><thead><tr style=\"background-color: #0f2cd7;\"><td><span style=\"color: #ffffff;\"><strong>\u00a0Anzahl Stunden pro Woche<\/strong><\/span><\/td><td><span style=\"color: #ffffff;\"><strong>\u00a0Preis\/Monat<\/strong><\/span><\/td><\/tr><\/thead><tbody><tr><td>\u00a02<\/td><td>250 CHF<\/td><\/tr><tr><td>\u00a01<\/td><td>180 CHF<\/td><\/tr><\/tbody><\/table><h3>\u00a0<\/h3><h3 style=\"text-align: justify;\">Fotos des Raums<\/h3><ul><li style=\"text-align: justify;\">Bilder des Raums k\u00f6nnen sie unter \u00a0&#8220;<span style=\"color: #0000ff;\"><a style=\"color: #0000ff;\" href=\"index.php?Itemid=146\"><strong>Bilder Trainingsraum<\/strong><\/a><\/span>&#8221;\u00a0entnehmen.<\/li><\/ul>\t\t\t\t\t\t\t\t<\/div>\n\t\t\t\t<\/div>\n\t\t\t\t\t<\/div>\n\t\t\t\t<\/div>\n\t\t\t\t<\/div>\n\t\t","protected":false},"excerpt":{"rendered":"<p>Grosser Trainingsraum Das Dojo kann ausserhalb der schon belegten Trainingszeiten (siehe &#8220;Verf\u00fcgbarkeit&#8221;) zu [&hellip;]<\/p>\n","protected":false},"author":1,"featured_media":0,"parent":0,"menu_order":1,"comment_status":"closed","ping_status":"closed","template":"","meta":{"_crdt_document":"","_price":"","_stock":"","_tribe_ticket_header":"","_tribe_default_ticket_provider":"","_tribe_ticket_capacity":"0","_ticket_start_date":"","_ticket_end_date":"","_tribe_ticket_show_description":"","_tribe_ticket_show_not_going":false,"_tribe_ticket_use_global_stock":"","_tribe_ticket_global_stock_level":"","_global_stock_mode":"","_global_stock_cap":"","_tribe_rsvp_for_event":"","_tribe_ticket_going_count":"","_tribe_ticket_not_going_count":"","_tribe_tickets_list":"[]","_tribe_ticket_has_attendee_info_fields":false,"_kadence_starter_templates_imported_post":false,"footnotes":"","_tec_slr_enabled":"","_tec_slr_layout":""},"class_list":["post-238","page","type-page","status-publish","hentry"],"ticketed":false,"_links":{"self":[{"href":"https:\/\/aikidoschule-lyss.ch\/aikidolyss2025\/wp-json\/wp\/v2\/pages\/238","targetHints":{"allow":["GET"]}}],"collection":[{"href":"https:\/\/aikidoschule-lyss.ch\/aikidolyss2025\/wp-json\/wp\/v2\/pages"}],"about":[{"href":"https:\/\/aikidoschule-lyss.ch\/aikidolyss2025\/wp-json\/wp\/v2\/types\/page"}],"author":[{"embeddable":true,"href":"https:\/\/aikidoschule-lyss.ch\/aikidolyss2025\/wp-json\/wp\/v2\/users\/1"}],"replies":[{"embeddable":true,"href":"https:\/\/aikidoschule-lyss.ch\/aikidolyss2025\/wp-json\/wp\/v2\/comments?post=238"}],"version-history":[{"count":7,"href":"https:\/\/aikidoschule-lyss.ch\/aikidolyss2025\/wp-json\/wp\/v2\/pages\/238\/revisions"}],"predecessor-version":[{"id":881,"href":"https:\/\/aikidoschule-lyss.ch\/aikidolyss2025\/wp-json\/wp\/v2\/pages\/238\/revisions\/881"}],"wp:attachment":[{"href":"https:\/\/aikidoschule-lyss.ch\/aikidolyss2025\/wp-json\/wp\/v2\/media?parent=238"}],"curies":[{"name":"wp","href":"https:\/\/api.w.org\/{rel}","templated":true}]}}

<div data-elementor-type="wp-page" data-elementor-id="238" class="elementor elementor-238" data-elementor-post-type="page">
				<div class="elementor-element elementor-element-65055afb e-flex e-con-boxed e-con e-parent" data-id="65055afb" data-element_type="container" data-e-type="container">
					<div class="e-con-inner">
				<div class="elementor-element elementor-element-3f7ce629 elementor-widget elementor-widget-text-editor" data-id="3f7ce629" data-element_type="widget" data-e-type="widget" data-widget_type="text-editor.default">
				<div class="elementor-widget-container">
									<h1 style="text-align: justify;">Grosser Trainingsraum</h1><p>Das Dojo kann ausserhalb der schon belegten Trainingszeiten (siehe &#8220;Verfügbarkeit&#8221;) zu sehr guten Konditionen gemietet werden. Die Mietpreise können unter <a href="index.php?option=com_contact&amp;view=contact&amp;id=1&amp;catid=4">info@aikidoschule-lyss.ch</a> erfragt werden.</p><p>Die grösste Fläche des Dojos ist mit Judomatten belegt (100m2). Diese dürfen nur barfuss oder in Socken betreten werden. Schwere Gegenstände oder Gegenstände die eine hohe Flächenbelastung zur Folge haben (wie Stühle) dürfen nicht auf den Matten platziert werden.</p><p>Es stehen zwei Umkleideräume, eine Toilette, ein Duschraum (mit 2 Duschköpfen) und eine Küche zur Verfügung.</p><p>Da der Raum in einer Wohnzone liegt, ist die Lärmbelastung limitiert. Somit wird erst nach der Anfrage entschieden ob der Raum für den vorgesehenen Nutzungszweck freigegeben werden kann oder eben nicht.</p><p>Wir sind hauptsächlich an einer langfristigen Vermietung interessiert.</p><h3><img fetchpriority="high" decoding="async" class="alignnone  wp-image-875" src="https://aikidoschule-lyss.ch/aikidolyss2025/wp-content/uploads/2025/10/20240802_134956848_iOS-300x225.jpg" alt="" width="748" height="561" srcset="https://aikidoschule-lyss.ch/aikidolyss2025/wp-content/uploads/2025/10/20240802_134956848_iOS-300x225.jpg 300w, https://aikidoschule-lyss.ch/aikidolyss2025/wp-content/uploads/2025/10/20240802_134956848_iOS-1024x768.jpg 1024w, https://aikidoschule-lyss.ch/aikidolyss2025/wp-content/uploads/2025/10/20240802_134956848_iOS-768x576.jpg 768w, https://aikidoschule-lyss.ch/aikidolyss2025/wp-content/uploads/2025/10/20240802_134956848_iOS-1536x1152.jpg 1536w, https://aikidoschule-lyss.ch/aikidolyss2025/wp-content/uploads/2025/10/20240802_134956848_iOS-2048x1536.jpg 2048w" sizes="(max-width: 748px) 100vw, 748px" /></h3><h3>Lage</h3><ul><li style="text-align: justify;">Der Raum ist gut gelegen, in mitten eines Wohnquartiers, als einziger Raum für solche Angebote (siehe: <span style="color: #0000ff;"><strong><a style="color: #0000ff;" href="https://aikidoschule-lyss.ch/aikidolyss2025/blue-center/">Standort</a></strong></span>).</li></ul><h3>Parkplätze</h3><ul><li>Siehe <span style="color: #0000ff;"><strong><a style="color: #0000ff;" href="index.php/blue-center/parkplaetze">Parkplätze</a></strong></span></li></ul><h3 style="text-align: justify;">Verfügbarkeit</h3><ul><li style="text-align: justify;">Die Verfügbarkeit (Zeitslots) können sie unter &#8220;<span style="color: #0000ff;"><strong><a style="color: #0000ff;" href="https://aikidoschule-lyss.ch/aikidolyss2025/raumbelegung-trainingsraum/">Raumbelegung</a></strong></span>&#8221; sehen.</li></ul><h3>Preise</h3><table style="float: left;"><thead><tr style="background-color: #0f2cd7;"><td><span style="color: #ffffff;"><strong> Anzahl Stunden pro Woche</strong></span></td><td><span style="color: #ffffff;"><strong> Preis/Monat</strong></span></td></tr></thead><tbody><tr><td> 2</td><td>250 CHF</td></tr><tr><td> 1</td><td>180 CHF</td></tr></tbody></table><h3> </h3><h3 style="text-align: justify;">Fotos des Raums</h3><ul><li style="text-align: justify;">Bilder des Raums können sie unter  &#8220;<span style="color: #0000ff;"><a style="color: #0000ff;" href="index.php?Itemid=146"><strong>Bilder Trainingsraum</strong></a></span>&#8221; entnehmen.</li></ul>								</div>
				</div>
					</div>
				</div>
				</div>

<p>Grosser Trainingsraum Das Dojo kann ausserhalb der schon belegten Trainingszeiten (siehe &#8220;Verfügbarkeit&#8221;) zu [&hellip;]</p>
