{"id":242,"date":"2016-12-27T15:36:57","date_gmt":"2016-12-27T15:36:57","guid":{"rendered":"https:\/\/aikidoschule-lyss.ch\/aikidolyss2025\/parkplaetze\/"},"modified":"2025-10-10T19:00:23","modified_gmt":"2025-10-10T18:00:23","slug":"parkplaetze","status":"publish","type":"page","link":"https:\/\/aikidoschule-lyss.ch\/aikidolyss2025\/parkplaetze\/","title":{"rendered":"Parkpl\u00e4tze"},"content":{"rendered":"\t\t<div data-elementor-type=\"wp-page\" data-elementor-id=\"242\" class=\"elementor elementor-242\" data-elementor-post-type=\"page\">\n\t\t\t\t<div class=\"elementor-element elementor-element-5e1a9127 e-flex e-con-boxed e-con e-parent\" data-id=\"5e1a9127\" data-element_type=\"container\" data-e-type=\"container\">\n\t\t\t\t\t<div class=\"e-con-inner\">\n\t\t\t\t<div class=\"elementor-element elementor-element-77f4979e elementor-widget elementor-widget-text-editor\" data-id=\"77f4979e\" data-element_type=\"widget\" data-e-type=\"widget\" data-widget_type=\"text-editor.default\">\n\t\t\t\t<div class=\"elementor-widget-container\">\n\t\t\t\t\t\t\t\t\t<p>Direkt um die Aikidoschule <span style=\"text-decoration: underline;\">stehen keine Parkpl\u00e4tze zur Verf\u00fcgung<\/span>. Auch die mit &#8220;<strong>G\u00e4steparkpl\u00e4tze<\/strong>&#8221; beschriebenen Pl\u00e4tze <span style=\"text-decoration: underline;\">sind nicht f\u00fcr die Trainierenden oder deren Besucher<\/span> vorgesehen.<\/p><p>Am besten kommen Sie zu Fuss, per Fahrrad oder mit den \u00f6ffentlichen Transportmittel (eine Bushaltestelle ist direkt in der N\u00e4he).<\/p><p>Sollten Sie trotzdem mit dem Auto kommen, stehen ihnen am Heilbachweg 16, 300 Meter vom Trainingsraum entfernt, drei Parkpl\u00e4tze zur Verf\u00fcgung, welche wir f\u00fcr unsere Mitglieder gemietet haben.<\/p><p><a href=\"https:\/\/www.google.ch\/maps\/place\/Heilbachweg+16,+3250+Lyss\/@47.0751295,7.3131429,49m\/data=!3m1!1e3!4m5!3m4!1s0x478e22a0e1b1746f:0xe7823372058d36b6!8m2!3d47.0751489!4d7.3132819\" target=\"_blank\" rel=\"noopener\">Google Maps<\/a><\/p><p>Es handelt sich um alle Parkpl\u00e4tze, welche mit &#8220;Kunde&#8221; angeschrieben sind.<\/p><p><a href=\"https:\/\/aikidoschule-lyss.ch\/aikidolyss2025\/wp-content\/uploads\/2025\/10\/Wegbeschrieb-Plaetze.pdf\" target=\"_blank\" rel=\"noopener\" data-wp-editing=\"1\"><img decoding=\"async\" class=\"alignnone size-full wp-image-726\" src=\"https:\/\/aikidoschule-lyss.ch\/aikidolyss2025\/wp-content\/uploads\/2025\/10\/pdf_32.png\" alt=\"\" width=\"32\" height=\"32\" \/> Wegbeschrieb Parkpl\u00e4tze <\/a><\/p><p>Von den Parkpl\u00e4tzen bis zum Trainingsraum sind es knapp 300 Meter (5 Gehminuten). Es geht \u00fcber einen sch\u00f6nen Gehweg auf welchem man sich schon auf das Training einstimmen kann.<\/p><p><a href=\"https:\/\/www.google.ch\/maps\/dir\/Heilbachweg+16,+3250+Lyss\/47.0740734,7.3161989\/@47.0741682,7.3134291,338m\/data=!3m1!1e3!4m9!4m8!1m5!1m1!1s0x478e22a0e04b4d0d:0x5a16ee8516dba4bb!2m2!1d7.3132979!2d47.0751092!1m0!3e2\" target=\"_blank\" rel=\"noopener\"><img decoding=\"async\" src=\"images\/Aikidoschule\/Bilder\/Laufweg.png\" alt=\"\" \/><\/a><img fetchpriority=\"high\" decoding=\"async\" class=\"alignnone wp-image-862 size-full\" src=\"https:\/\/aikidoschule-lyss.ch\/aikidolyss2025\/wp-content\/uploads\/2025\/10\/Laufweg.png\" alt=\"\" width=\"625\" height=\"397\" srcset=\"https:\/\/aikidoschule-lyss.ch\/aikidolyss2025\/wp-content\/uploads\/2025\/10\/Laufweg.png 625w, https:\/\/aikidoschule-lyss.ch\/aikidolyss2025\/wp-content\/uploads\/2025\/10\/Laufweg-300x191.png 300w\" sizes=\"(max-width: 625px) 100vw, 625px\" \/><\/p><p>Das Geb\u00e4ude mit den blauen Metalrahmen ist es und dort genau auf Erdgeschoss-Ebene. Angeschrieben ist die T\u00fcr mit &#8220;Blue Center&#8221;.<\/p><p><img decoding=\"async\" class=\"alignnone wp-image-861\" src=\"https:\/\/aikidoschule-lyss.ch\/aikidolyss2025\/wp-content\/uploads\/2025\/10\/20191105_161357-300x225.jpg\" alt=\"\" width=\"625\" height=\"469\" srcset=\"https:\/\/aikidoschule-lyss.ch\/aikidolyss2025\/wp-content\/uploads\/2025\/10\/20191105_161357-300x225.jpg 300w, https:\/\/aikidoschule-lyss.ch\/aikidolyss2025\/wp-content\/uploads\/2025\/10\/20191105_161357-768x576.jpg 768w, https:\/\/aikidoschule-lyss.ch\/aikidolyss2025\/wp-content\/uploads\/2025\/10\/20191105_161357.jpg 967w\" sizes=\"(max-width: 625px) 100vw, 625px\" \/><\/p><p>\u00a0<\/p><p>\u00a0<\/p>\t\t\t\t\t\t\t\t<\/div>\n\t\t\t\t<\/div>\n\t\t\t\t\t<\/div>\n\t\t\t\t<\/div>\n\t\t\t\t<\/div>\n\t\t","protected":false},"excerpt":{"rendered":"<p>Direkt um die Aikidoschule stehen keine Parkpl\u00e4tze zur Verf\u00fcgung. Auch die mit &#8220;G\u00e4steparkpl\u00e4tze&#8221; [&hellip;]<\/p>\n","protected":false},"author":1,"featured_media":0,"parent":0,"menu_order":18,"comment_status":"closed","ping_status":"closed","template":"","meta":{"_crdt_document":"","_price":"","_stock":"","_tribe_ticket_header":"","_tribe_default_ticket_provider":"","_tribe_ticket_capacity":"0","_ticket_start_date":"","_ticket_end_date":"","_tribe_ticket_show_description":"","_tribe_ticket_show_not_going":false,"_tribe_ticket_use_global_stock":"","_tribe_ticket_global_stock_level":"","_global_stock_mode":"","_global_stock_cap":"","_tribe_rsvp_for_event":"","_tribe_ticket_going_count":"","_tribe_ticket_not_going_count":"","_tribe_tickets_list":"[]","_tribe_ticket_has_attendee_info_fields":false,"_kadence_starter_templates_imported_post":false,"footnotes":"","_tec_slr_enabled":"","_tec_slr_layout":""},"class_list":["post-242","page","type-page","status-publish","hentry"],"ticketed":false,"_links":{"self":[{"href":"https:\/\/aikidoschule-lyss.ch\/aikidolyss2025\/wp-json\/wp\/v2\/pages\/242","targetHints":{"allow":["GET"]}}],"collection":[{"href":"https:\/\/aikidoschule-lyss.ch\/aikidolyss2025\/wp-json\/wp\/v2\/pages"}],"about":[{"href":"https:\/\/aikidoschule-lyss.ch\/aikidolyss2025\/wp-json\/wp\/v2\/types\/page"}],"author":[{"embeddable":true,"href":"https:\/\/aikidoschule-lyss.ch\/aikidolyss2025\/wp-json\/wp\/v2\/users\/1"}],"replies":[{"embeddable":true,"href":"https:\/\/aikidoschule-lyss.ch\/aikidolyss2025\/wp-json\/wp\/v2\/comments?post=242"}],"version-history":[{"count":12,"href":"https:\/\/aikidoschule-lyss.ch\/aikidolyss2025\/wp-json\/wp\/v2\/pages\/242\/revisions"}],"predecessor-version":[{"id":874,"href":"https:\/\/aikidoschule-lyss.ch\/aikidolyss2025\/wp-json\/wp\/v2\/pages\/242\/revisions\/874"}],"wp:attachment":[{"href":"https:\/\/aikidoschule-lyss.ch\/aikidolyss2025\/wp-json\/wp\/v2\/media?parent=242"}],"curies":[{"name":"wp","href":"https:\/\/api.w.org\/{rel}","templated":true}]}}

Parkplätze

<div data-elementor-type="wp-page" data-elementor-id="242" class="elementor elementor-242" data-elementor-post-type="page">
				<div class="elementor-element elementor-element-5e1a9127 e-flex e-con-boxed e-con e-parent" data-id="5e1a9127" data-element_type="container" data-e-type="container">
					<div class="e-con-inner">
				<div class="elementor-element elementor-element-77f4979e elementor-widget elementor-widget-text-editor" data-id="77f4979e" data-element_type="widget" data-e-type="widget" data-widget_type="text-editor.default">
				<div class="elementor-widget-container">
									<p>Direkt um die Aikidoschule <span style="text-decoration: underline;">stehen keine Parkplätze zur Verfügung</span>. Auch die mit &#8220;<strong>Gästeparkplätze</strong>&#8221; beschriebenen Plätze <span style="text-decoration: underline;">sind nicht für die Trainierenden oder deren Besucher</span> vorgesehen.</p><p>Am besten kommen Sie zu Fuss, per Fahrrad oder mit den öffentlichen Transportmittel (eine Bushaltestelle ist direkt in der Nähe).</p><p>Sollten Sie trotzdem mit dem Auto kommen, stehen ihnen am Heilbachweg 16, 300 Meter vom Trainingsraum entfernt, drei Parkplätze zur Verfügung, welche wir für unsere Mitglieder gemietet haben.</p><p><a href="https://www.google.ch/maps/place/Heilbachweg+16,+3250+Lyss/@47.0751295,7.3131429,49m/data=!3m1!1e3!4m5!3m4!1s0x478e22a0e1b1746f:0xe7823372058d36b6!8m2!3d47.0751489!4d7.3132819" target="_blank" rel="noopener">Google Maps</a></p><p>Es handelt sich um alle Parkplätze, welche mit &#8220;Kunde&#8221; angeschrieben sind.</p><p><a href="https://aikidoschule-lyss.ch/aikidolyss2025/wp-content/uploads/2025/10/Wegbeschrieb-Plaetze.pdf" target="_blank" rel="noopener" data-wp-editing="1"><img decoding="async" class="alignnone size-full wp-image-726" src="https://aikidoschule-lyss.ch/aikidolyss2025/wp-content/uploads/2025/10/pdf_32.png" alt="" width="32" height="32" /> Wegbeschrieb Parkplätze </a></p><p>Von den Parkplätzen bis zum Trainingsraum sind es knapp 300 Meter (5 Gehminuten). Es geht über einen schönen Gehweg auf welchem man sich schon auf das Training einstimmen kann.</p><p><a href="https://www.google.ch/maps/dir/Heilbachweg+16,+3250+Lyss/47.0740734,7.3161989/@47.0741682,7.3134291,338m/data=!3m1!1e3!4m9!4m8!1m5!1m1!1s0x478e22a0e04b4d0d:0x5a16ee8516dba4bb!2m2!1d7.3132979!2d47.0751092!1m0!3e2" target="_blank" rel="noopener"><img decoding="async" src="images/Aikidoschule/Bilder/Laufweg.png" alt="" /></a><img fetchpriority="high" decoding="async" class="alignnone wp-image-862 size-full" src="https://aikidoschule-lyss.ch/aikidolyss2025/wp-content/uploads/2025/10/Laufweg.png" alt="" width="625" height="397" srcset="https://aikidoschule-lyss.ch/aikidolyss2025/wp-content/uploads/2025/10/Laufweg.png 625w, https://aikidoschule-lyss.ch/aikidolyss2025/wp-content/uploads/2025/10/Laufweg-300x191.png 300w" sizes="(max-width: 625px) 100vw, 625px" /></p><p>Das Gebäude mit den blauen Metalrahmen ist es und dort genau auf Erdgeschoss-Ebene. Angeschrieben ist die Tür mit &#8220;Blue Center&#8221;.</p><p><img decoding="async" class="alignnone wp-image-861" src="https://aikidoschule-lyss.ch/aikidolyss2025/wp-content/uploads/2025/10/20191105_161357-300x225.jpg" alt="" width="625" height="469" srcset="https://aikidoschule-lyss.ch/aikidolyss2025/wp-content/uploads/2025/10/20191105_161357-300x225.jpg 300w, https://aikidoschule-lyss.ch/aikidolyss2025/wp-content/uploads/2025/10/20191105_161357-768x576.jpg 768w, https://aikidoschule-lyss.ch/aikidolyss2025/wp-content/uploads/2025/10/20191105_161357.jpg 967w" sizes="(max-width: 625px) 100vw, 625px" /></p><p> </p><p> </p>								</div>
				</div>
					</div>
				</div>
				</div>

<p>Direkt um die Aikidoschule stehen keine Parkplätze zur Verfügung. Auch die mit &#8220;Gästeparkplätze&#8221; [&hellip;]</p>
