{"id":251,"date":"2019-04-21T13:41:36","date_gmt":"2019-04-21T13:41:36","guid":{"rendered":"https:\/\/aikidoschule-lyss.ch\/aikidolyss2025\/fritz-heuscher-6-dan-shihan\/"},"modified":"2025-10-12T12:53:12","modified_gmt":"2025-10-12T11:53:12","slug":"fritz-heuscher-6-dan-shihan","status":"publish","type":"page","link":"https:\/\/aikidoschule-lyss.ch\/aikidolyss2025\/fritz-heuscher-6-dan-shihan\/","title":{"rendered":"Fritz Heuscher 7. Dan (Shihan)"},"content":{"rendered":"\t\t<div data-elementor-type=\"wp-page\" data-elementor-id=\"251\" class=\"elementor elementor-251\" data-elementor-post-type=\"page\">\n\t\t\t\t<div class=\"elementor-element elementor-element-78d2ed7 e-flex e-con-boxed e-con e-parent\" data-id=\"78d2ed7\" data-element_type=\"container\" data-e-type=\"container\">\n\t\t\t\t\t<div class=\"e-con-inner\">\n\t\t\t\t<div class=\"elementor-element elementor-element-7a3a316c elementor-widget elementor-widget-text-editor\" data-id=\"7a3a316c\" data-element_type=\"widget\" data-e-type=\"widget\" data-widget_type=\"text-editor.default\">\n\t\t\t\t<div class=\"elementor-widget-container\">\n\t\t\t\t\t\t\t\t\t<div class=\"com-content-article__body\"><style type=\"text\/css\">\/* Colorize-zoom Container *\/<br \/>\n.img-hover-zoom--colorize img {<br \/>\n  transition: transform .5s, filter 1.5s ease-in-out;<br \/>\n  filter: grayscale(100%);<br \/>\n}<\/p>\n<p>\/* The Transformation *\/<br \/>\n.img-hover-zoom--colorize:hover img {<br \/>\n  filter: grayscale(0);<br \/>\n  transform: scale(1.05);<br \/>\nbox-shadow: 0px 0px 25px rgba(0,0,0,.6);<br \/>\n}<\/style><div class=\"img-hover-zoom--colorize\"><img decoding=\"async\" src=\"\/aikidolyss\/images\/Aikidoschule\/Bilder\/fritz-neu-1.jpg\" alt=\"fritz neu 1\" \/><\/div><p>\u00a0<\/p><p>7. Dan Aikikai,\u00a0<span class=\"wysiwyg-font-size-small\">Dojo<\/span><span class=\"wysiwyg-font-size-small\">-Cho Aikido-Langenthal, Technischer Supervisor in Bolivien<\/span><\/p><p id=\"E427\" class=\"qowt-stl-KeinLeerraum\"><span class=\"wysiwyg-font-size-small\">Fritz\u00a0<\/span><span class=\"wysiwyg-font-size-small\">Heuscher<\/span><span class=\"wysiwyg-font-size-small\">\u00a0konnte Jahrzehnte mit Meister\u00a0<\/span><span class=\"wysiwyg-font-size-small\">Masatomi\u00a0<\/span><span class=\"wysiwyg-font-size-small\">Ikeda verbringen. Als sein Assistent konnte er schon fr\u00fcher viele Stage leiten und blickt auf eine langj\u00e4hrige und anhaltende internationale Lehrer-Erfahrung zur\u00fcck.<\/span><\/p><p><strong>Dojo:<\/strong>\u00a0<span style=\"color: #0000ff;\"><a style=\"color: #0000ff;\" href=\"http:\/\/www.aikido-langenthal.ch\">http:\/\/www.aikido-langenthal.ch<\/a><\/span><\/p><p><strong>Videos auf Youtube:<\/strong>\u00a0<span style=\"color: #0000ff;\"><a style=\"color: #0000ff;\" href=\"https:\/\/www.youtube.com\/user\/fritzheuscher\">https:\/\/www.youtube.com\/user\/fritzheuscher<\/a><\/span><\/p><p>\u00a0<\/p><\/div>\t\t\t\t\t\t\t\t<\/div>\n\t\t\t\t<\/div>\n\t\t\t\t\t<\/div>\n\t\t\t\t<\/div>\n\t\t\t\t<\/div>\n\t\t","protected":false},"excerpt":{"rendered":"<p>\u00a0 7. Dan Aikikai,\u00a0Dojo-Cho Aikido-Langenthal, Technischer Supervisor in Bolivien Fritz\u00a0Heuscher\u00a0konnte Jahrzehnte mit Meister\u00a0Masatomi\u00a0Ikeda [&hellip;]<\/p>\n","protected":false},"author":1,"featured_media":0,"parent":0,"menu_order":12,"comment_status":"closed","ping_status":"closed","template":"","meta":{"_crdt_document":"","_price":"","_stock":"","_tribe_ticket_header":"","_tribe_default_ticket_provider":"","_tribe_ticket_capacity":"0","_ticket_start_date":"","_ticket_end_date":"","_tribe_ticket_show_description":"","_tribe_ticket_show_not_going":false,"_tribe_ticket_use_global_stock":"","_tribe_ticket_global_stock_level":"","_global_stock_mode":"","_global_stock_cap":"","_tribe_rsvp_for_event":"","_tribe_ticket_going_count":"","_tribe_ticket_not_going_count":"","_tribe_tickets_list":"[]","_tribe_ticket_has_attendee_info_fields":false,"_kadence_starter_templates_imported_post":false,"footnotes":"","_tec_slr_enabled":"","_tec_slr_layout":""},"class_list":["post-251","page","type-page","status-publish","hentry"],"ticketed":false,"_links":{"self":[{"href":"https:\/\/aikidoschule-lyss.ch\/aikidolyss2025\/wp-json\/wp\/v2\/pages\/251","targetHints":{"allow":["GET"]}}],"collection":[{"href":"https:\/\/aikidoschule-lyss.ch\/aikidolyss2025\/wp-json\/wp\/v2\/pages"}],"about":[{"href":"https:\/\/aikidoschule-lyss.ch\/aikidolyss2025\/wp-json\/wp\/v2\/types\/page"}],"author":[{"embeddable":true,"href":"https:\/\/aikidoschule-lyss.ch\/aikidolyss2025\/wp-json\/wp\/v2\/users\/1"}],"replies":[{"embeddable":true,"href":"https:\/\/aikidoschule-lyss.ch\/aikidolyss2025\/wp-json\/wp\/v2\/comments?post=251"}],"version-history":[{"count":10,"href":"https:\/\/aikidoschule-lyss.ch\/aikidolyss2025\/wp-json\/wp\/v2\/pages\/251\/revisions"}],"predecessor-version":[{"id":942,"href":"https:\/\/aikidoschule-lyss.ch\/aikidolyss2025\/wp-json\/wp\/v2\/pages\/251\/revisions\/942"}],"wp:attachment":[{"href":"https:\/\/aikidoschule-lyss.ch\/aikidolyss2025\/wp-json\/wp\/v2\/media?parent=251"}],"curies":[{"name":"wp","href":"https:\/\/api.w.org\/{rel}","templated":true}]}}

<div data-elementor-type="wp-page" data-elementor-id="251" class="elementor elementor-251" data-elementor-post-type="page">
				<div class="elementor-element elementor-element-78d2ed7 e-flex e-con-boxed e-con e-parent" data-id="78d2ed7" data-element_type="container" data-e-type="container">
					<div class="e-con-inner">
				<div class="elementor-element elementor-element-7a3a316c elementor-widget elementor-widget-text-editor" data-id="7a3a316c" data-element_type="widget" data-e-type="widget" data-widget_type="text-editor.default">
				<div class="elementor-widget-container">
									<div class="com-content-article__body"><style type="text/css">/* Colorize-zoom Container */<br />
.img-hover-zoom--colorize img {<br />
  transition: transform .5s, filter 1.5s ease-in-out;<br />
  filter: grayscale(100%);<br />
}</p>
<p>/* The Transformation */<br />
.img-hover-zoom--colorize:hover img {<br />
  filter: grayscale(0);<br />
  transform: scale(1.05);<br />
box-shadow: 0px 0px 25px rgba(0,0,0,.6);<br />
}</style><div class="img-hover-zoom--colorize"><img decoding="async" src="/aikidolyss/images/Aikidoschule/Bilder/fritz-neu-1.jpg" alt="fritz neu 1" /></div><p> </p><p>7. Dan Aikikai, <span class="wysiwyg-font-size-small">Dojo</span><span class="wysiwyg-font-size-small">-Cho Aikido-Langenthal, Technischer Supervisor in Bolivien</span></p><p id="E427" class="qowt-stl-KeinLeerraum"><span class="wysiwyg-font-size-small">Fritz </span><span class="wysiwyg-font-size-small">Heuscher</span><span class="wysiwyg-font-size-small"> konnte Jahrzehnte mit Meister </span><span class="wysiwyg-font-size-small">Masatomi </span><span class="wysiwyg-font-size-small">Ikeda verbringen. Als sein Assistent konnte er schon früher viele Stage leiten und blickt auf eine langjährige und anhaltende internationale Lehrer-Erfahrung zurück.</span></p><p><strong>Dojo:</strong> <span style="color: #0000ff;"><a style="color: #0000ff;" href="http://www.aikido-langenthal.ch">http://www.aikido-langenthal.ch</a></span></p><p><strong>Videos auf Youtube:</strong> <span style="color: #0000ff;"><a style="color: #0000ff;" href="https://www.youtube.com/user/fritzheuscher">https://www.youtube.com/user/fritzheuscher</a></span></p><p> </p></div>								</div>
				</div>
					</div>
				</div>
				</div>
