{"id":252,"date":"2019-05-18T09:05:58","date_gmt":"2019-05-18T09:05:58","guid":{"rendered":"https:\/\/aikidoschule-lyss.ch\/aikidolyss2025\/farbgurte-fuer-kinder\/"},"modified":"2025-10-10T16:43:32","modified_gmt":"2025-10-10T15:43:32","slug":"farbgurte-fuer-kinder","status":"publish","type":"page","link":"https:\/\/aikidoschule-lyss.ch\/aikidolyss2025\/farbgurte-fuer-kinder\/","title":{"rendered":"Farbgurte f\u00fcr Kinder"},"content":{"rendered":"\t\t<div data-elementor-type=\"wp-page\" data-elementor-id=\"252\" class=\"elementor elementor-252\" data-elementor-post-type=\"page\">\n\t\t\t\t<div class=\"elementor-element elementor-element-6959aafd e-flex e-con-boxed e-con e-parent\" data-id=\"6959aafd\" data-element_type=\"container\" data-e-type=\"container\">\n\t\t\t\t\t<div class=\"e-con-inner\">\n\t\t\t\t<div class=\"elementor-element elementor-element-2ca894c0 elementor-widget elementor-widget-text-editor\" data-id=\"2ca894c0\" data-element_type=\"widget\" data-e-type=\"widget\" data-widget_type=\"text-editor.default\">\n\t\t\t\t<div class=\"elementor-widget-container\">\n\t\t\t\t\t\t\t\t\t<p>Damit die tollen Leistungen unserer Sch\u00fcler noch sichtbarer werden, f\u00fchren die Aikido Schulen Zollikofen und Lyss das Farbgurtesystem f\u00fcr Kyu Pr\u00fcfungen ein.<\/p><p>Somit werden die Kinder ab der n\u00e4chsten Pr\u00fcfung einen farbigen Gurt gem\u00e4ss dieser Tabelle erhalten:<\/p><p><img fetchpriority=\"high\" decoding=\"async\" class=\"alignnone  wp-image-789\" src=\"https:\/\/aikidoschule-lyss.ch\/aikidolyss2025\/wp-content\/uploads\/2025\/10\/farbgurte-300x284.png\" alt=\"\" width=\"359\" height=\"340\" srcset=\"https:\/\/aikidoschule-lyss.ch\/aikidolyss2025\/wp-content\/uploads\/2025\/10\/farbgurte-300x284.png 300w, https:\/\/aikidoschule-lyss.ch\/aikidolyss2025\/wp-content\/uploads\/2025\/10\/farbgurte.png 314w\" sizes=\"(max-width: 359px) 100vw, 359px\" \/><\/p><p><span style=\"color: #0000ff;\"><a style=\"color: #0000ff;\" href=\"https:\/\/aikidoschule-lyss.ch\/aikidolyss2025\/bedeutung-der-gurtfarben\/\">Bedeutung der Gurtfarben<\/a><\/span><\/p>\t\t\t\t\t\t\t\t<\/div>\n\t\t\t\t<\/div>\n\t\t\t\t\t<\/div>\n\t\t\t\t<\/div>\n\t\t\t\t<\/div>\n\t\t","protected":false},"excerpt":{"rendered":"<p>Damit die tollen Leistungen unserer Sch\u00fcler noch sichtbarer werden, f\u00fchren die Aikido Schulen [&hellip;]<\/p>\n","protected":false},"author":1,"featured_media":0,"parent":0,"menu_order":11,"comment_status":"closed","ping_status":"closed","template":"","meta":{"_crdt_document":"","_price":"","_stock":"","_tribe_ticket_header":"","_tribe_default_ticket_provider":"","_tribe_ticket_capacity":"0","_ticket_start_date":"","_ticket_end_date":"","_tribe_ticket_show_description":"","_tribe_ticket_show_not_going":false,"_tribe_ticket_use_global_stock":"","_tribe_ticket_global_stock_level":"","_global_stock_mode":"","_global_stock_cap":"","_tribe_rsvp_for_event":"","_tribe_ticket_going_count":"","_tribe_ticket_not_going_count":"","_tribe_tickets_list":"[]","_tribe_ticket_has_attendee_info_fields":false,"_kadence_starter_templates_imported_post":false,"footnotes":"","_tec_slr_enabled":"","_tec_slr_layout":""},"class_list":["post-252","page","type-page","status-publish","hentry"],"ticketed":false,"_links":{"self":[{"href":"https:\/\/aikidoschule-lyss.ch\/aikidolyss2025\/wp-json\/wp\/v2\/pages\/252","targetHints":{"allow":["GET"]}}],"collection":[{"href":"https:\/\/aikidoschule-lyss.ch\/aikidolyss2025\/wp-json\/wp\/v2\/pages"}],"about":[{"href":"https:\/\/aikidoschule-lyss.ch\/aikidolyss2025\/wp-json\/wp\/v2\/types\/page"}],"author":[{"embeddable":true,"href":"https:\/\/aikidoschule-lyss.ch\/aikidolyss2025\/wp-json\/wp\/v2\/users\/1"}],"replies":[{"embeddable":true,"href":"https:\/\/aikidoschule-lyss.ch\/aikidolyss2025\/wp-json\/wp\/v2\/comments?post=252"}],"version-history":[{"count":7,"href":"https:\/\/aikidoschule-lyss.ch\/aikidolyss2025\/wp-json\/wp\/v2\/pages\/252\/revisions"}],"predecessor-version":[{"id":795,"href":"https:\/\/aikidoschule-lyss.ch\/aikidolyss2025\/wp-json\/wp\/v2\/pages\/252\/revisions\/795"}],"wp:attachment":[{"href":"https:\/\/aikidoschule-lyss.ch\/aikidolyss2025\/wp-json\/wp\/v2\/media?parent=252"}],"curies":[{"name":"wp","href":"https:\/\/api.w.org\/{rel}","templated":true}]}}

Farbgurte für Kinder

<div data-elementor-type="wp-page" data-elementor-id="252" class="elementor elementor-252" data-elementor-post-type="page">
				<div class="elementor-element elementor-element-6959aafd e-flex e-con-boxed e-con e-parent" data-id="6959aafd" data-element_type="container" data-e-type="container">
					<div class="e-con-inner">
				<div class="elementor-element elementor-element-2ca894c0 elementor-widget elementor-widget-text-editor" data-id="2ca894c0" data-element_type="widget" data-e-type="widget" data-widget_type="text-editor.default">
				<div class="elementor-widget-container">
									<p>Damit die tollen Leistungen unserer Schüler noch sichtbarer werden, führen die Aikido Schulen Zollikofen und Lyss das Farbgurtesystem für Kyu Prüfungen ein.</p><p>Somit werden die Kinder ab der nächsten Prüfung einen farbigen Gurt gemäss dieser Tabelle erhalten:</p><p><img fetchpriority="high" decoding="async" class="alignnone  wp-image-789" src="https://aikidoschule-lyss.ch/aikidolyss2025/wp-content/uploads/2025/10/farbgurte-300x284.png" alt="" width="359" height="340" srcset="https://aikidoschule-lyss.ch/aikidolyss2025/wp-content/uploads/2025/10/farbgurte-300x284.png 300w, https://aikidoschule-lyss.ch/aikidolyss2025/wp-content/uploads/2025/10/farbgurte.png 314w" sizes="(max-width: 359px) 100vw, 359px" /></p><p><span style="color: #0000ff;"><a style="color: #0000ff;" href="https://aikidoschule-lyss.ch/aikidolyss2025/bedeutung-der-gurtfarben/">Bedeutung der Gurtfarben</a></span></p>								</div>
				</div>
					</div>
				</div>
				</div>

<p>Damit die tollen Leistungen unserer Schüler noch sichtbarer werden, führen die Aikido Schulen [&hellip;]</p>
