{"id":264,"date":"2022-05-15T18:34:09","date_gmt":"2022-05-15T18:34:09","guid":{"rendered":"https:\/\/aikidoschule-lyss.ch\/aikidolyss2025\/trainingszeiten-preise\/"},"modified":"2025-10-10T16:40:11","modified_gmt":"2025-10-10T15:40:11","slug":"trainingszeiten-preise","status":"publish","type":"page","link":"https:\/\/aikidoschule-lyss.ch\/aikidolyss2025\/trainingszeiten-preise\/","title":{"rendered":"Training"},"content":{"rendered":"\t\t<div data-elementor-type=\"wp-page\" data-elementor-id=\"264\" class=\"elementor elementor-264\" data-elementor-post-type=\"page\">\n\t\t\t\t<div class=\"elementor-element elementor-element-6cab1105 e-flex e-con-boxed e-con e-parent\" data-id=\"6cab1105\" data-element_type=\"container\" data-e-type=\"container\">\n\t\t\t\t\t<div class=\"e-con-inner\">\n\t\t\t\t<div class=\"elementor-element elementor-element-349959e5 elementor-widget elementor-widget-text-editor\" data-id=\"349959e5\" data-element_type=\"widget\" data-e-type=\"widget\" data-widget_type=\"text-editor.default\">\n\t\t\t\t<div class=\"elementor-widget-container\">\n\t\t\t\t\t\t\t\t\t<div style=\"overflow-x: auto;\"><p>\u00a0<\/p><table><tbody><tr><td style=\"border-color: #326ad1; border-width: 1px; background-color: #326ad1;\"><span style=\"font-size: 14pt; color: #ffffff;\"><strong>Trainingszeiten<\/strong><\/span><\/td><\/tr><tr><td style=\"font-size: 4pt; border-color: #ffffff; border-width: 1px; background-color: #ffffff;\">\u00a0<\/td><\/tr><\/tbody><\/table><\/div><div style=\"overflow: scroll;\"><table class=\"table table-striped table-bordered table-hover table-condensed\" style=\"width: 1089px;\"><tbody><tr style=\"background-color: #dddddd;\"><td><strong style=\"margin: 0px; padding: 0px; border: 0px; outline: 0px; background-color: transparent;\">Erwachsene<\/strong><\/td><td><strong>Tag<\/strong><\/td><td><strong>Zeit<\/strong><\/td><\/tr><tr><td>\u00a0<\/td><td>Dienstag<\/td><td>18:30 &#8211; 19:45<\/td><\/tr><tr><td>\u00a0<\/td><td>Donnerstag<\/td><td>18.30 &#8211; 19:45<\/td><\/tr><tr><td>\u00a0<\/td><td>\u00a0<\/td><td>\u00a0<\/td><\/tr><tr style=\"background-color: #dddddd;\"><td><strong style=\"margin: 0px; padding: 0px; border: 0px; outline: 0px; background-color: transparent;\">Kinder ab 6 Jahren<\/strong><\/td><td><strong>Tag<\/strong><\/td><td><strong>Zeit<\/strong><\/td><\/tr><tr><td>\u00a0<\/td><td><strong style=\"margin: 0px; padding: 0px; border: 0px; outline: 0px; background-color: transparent;\">Dienstag<\/strong><\/td><td>17:30 &#8211; 18:30<\/td><\/tr><tr><td>\u00a0<\/td><td>Donnerstag<\/td><td>17:30 &#8211; 18:30<\/td><\/tr><\/tbody><\/table><\/div><p><strong>\u00a0<\/strong><\/p><div style=\"overflow-x: auto;\"><table><tbody><tr><td style=\"border-color: #326ad1; border-width: 1px; background-color: #326ad1; ;color: #ffffff;\"><strong>Trainingszeiten aller Schulen des Cercle Aikido<\/strong><\/td><\/tr><tr><td style=\"font-size: 4pt; border-color: #ffffff; border-width: 1px; background-color: #ffffff;\">\u00a0<\/td><\/tr><\/tbody><\/table><\/div><div style=\"overflow-x: auto;\"><table><tbody><tr><th style=\"text-align: left;\">Dojo<\/th><th style=\"text-align: left;\">Tag<\/th><th style=\"text-align: left;\">Zeit(en)<\/th><th style=\"text-align: left;\">Teilnehmer<\/th><\/tr><tr><td style=\"text-align: left;\">Zollikofen<\/td><td>Donnerstag<\/td><td>12.15\u201313.30<\/td><td>Freies Training Erwachsene; bitte bei mir melden<\/td><\/tr><tr style=\"height: 8px;\"><td>\u00a0<\/td><td>Donnerstag<\/td><td>16.45\u201317.45<br \/>18.00\u201319.00<\/td><td>Kinder bis und mit 11 Jahren<br \/>Kinder ab 12 Jahren oder ab Gr\u00fcngurt<\/td><\/tr><tr><td>\u00a0<\/td><td>Donnerstag<\/td><td>18.00\u201319.00<\/td><td>Erwachsene<\/td><\/tr><tr><td>Lyss<\/td><td>Dienstag<\/td><td>17.30\u201318.30<\/td><td>Kinder<\/td><\/tr><tr><td>\u00a0<\/td><td>Dienstag<\/td><td>18.30\u201319.45<\/td><td>Erwachsene<\/td><\/tr><tr><td>\u00a0<\/td><td>Donnerstag<\/td><td>17.30\u201318.30<\/td><td>Kinder<\/td><\/tr><tr><td>\u00a0<\/td><td>Donnerstag<\/td><td>18.30\u201319.45<\/td><td>Erwachsene<\/td><\/tr><tr><td>Ostermundigen<\/td><td>Mittwoch<\/td><td>17:15\u201318.15<br \/>18:15\u201319:15<br \/>18.15\u201319.30<\/td><td>Kinder (Alle)<br \/>Kinder (ab 4. Kyu, Blaugurt)<br \/>Erwachsene<\/td><\/tr><tr><td>\u00a0<\/td><td>Mittwoch<\/td><td>17:15\u201318.15<br \/>18:15\u201319:15<br \/>18.15\u201319.30<\/td><td>Kinder (Alle)<br \/>Kinder (ab 4. Kyu, Blaugurt)<br \/>Erwachsene<\/td><\/tr><\/tbody><\/table><\/div><p>\u00a0<\/p><p><strong>Beitr\u00e4ge pro Monat ab Januar 2017:<\/strong><\/p><div style=\"overflow-x: auto;\"><table><tbody><tr><td style=\"border-color: #326ad1; border-width: 1px; background-color: #326ad1;\"><span style=\"font-size: 14pt; ;color: #ffffff;\"><strong>Probetraining<\/strong><\/span><\/td><\/tr><tr><td style=\"font-size: 4pt; border-color: #ffffff; border-width: 1px; background-color: #ffffff;\">\u00a0<\/td><\/tr><\/tbody><\/table><\/div><p>Ein Probetraining ist jederzeit ohne Anmeldung m\u00f6glich. Die ben\u00f6tigte Ausr\u00fcstung f\u00fcr das Probetraining oder den Probemonat sind:<\/p><ul><li>eine lange Trainerhose<\/li><li>ein T-Shirt<\/li><li>ein grosses Badetuch\/Duschmittel wenn im Dojo geduscht wird.<\/li><\/ul><p>Der Trainierende oder seine gesetztlichen Vertreter sind f\u00fcr die notwendige Versicherungsdeckung verantwortlich (Unfall\/privat Haftpflicht).<\/p><p>\u00a0<\/p><div style=\"overflow-x: auto;\"><table><tbody><tr><td style=\"border-color: #326ad1; border-width: 1px; background-color: #326ad1;\"><span style=\"font-size: 14pt; ;color: #ffffff;\"><strong>Beitr\u00e4ge<\/strong><\/span><\/td><\/tr><tr><td style=\"border-color: #ffffff; border-width: 1px; background-color: #ffffff;\">\u00a0<\/td><\/tr><\/tbody><\/table><\/div><p style=\"text-align: justify;\"><span style=\"color: #111111; font-family: Helvetica, Arial, sans-serif;\">Die Betr\u00e4ge wurde so berechnet das Beitragsreduktionen f\u00fcr Ferien und Feiertage schon abgezogen wurden.<\/span><\/p><p>Bei Kindern wird im 2. Semester ein Rabatt gew\u00e4hrt da die 6 Wochen Sommerferien abgezogen werden.<\/p><div style=\"overflow-x: auto;\"><table><tbody><tr style=\"background-color: #dddddd;\"><th style=\"text-align: left;\">Kategorie<\/th><th style=\"text-align: left;\">Jahresbeitrag<\/th><th style=\"text-align: left;\">Semester 1 (Jan-Jun)<\/th><th style=\"text-align: left;\">Semester 2 (Jul-Dez)<\/th><th style=\"text-align: left;\">Monatsbeitrag<\/th><\/tr><tr><td>Erwachsene<\/td><td style=\"text-align: right;\">696 CHF<\/td><td style=\"text-align: right;\">348 CHF<\/td><td style=\"text-align: right;\">348 CHF<\/td><td style=\"text-align: right;\">58 CHF<\/td><\/tr><tr><td>Kinder und Jugendliche bis 18 Jahren<\/td><td style=\"text-align: right;\">420 CHF<\/td><td style=\"text-align: right;\">228 CHF<\/td><td style=\"text-align: right;\">190.00 CHF<\/td><td style=\"text-align: right;\">38 CHF<\/td><\/tr><\/tbody><\/table><\/div><p><strong>Partnerbeitr\u00e4ge<br \/><\/strong><\/p><ul style=\"list-style-type: circle;\"><li>2 Kinder aus der gleichen Familie bezahlen je CHF 27.00<\/li><li>Elternteil und Kind bezahlen CHF 58.00 pro Erwachsene und CHF 27.00 pro Kind<\/li><li>Zwei Erwachsene aus dem gleichen Haushalt CHF 58.00 die zweite Person CHF 48.00<\/li><\/ul><div style=\"overflow-x: auto;\"><table><tbody><tr><td style=\"border-color: #326ad1; border-width: 1px; background-color: #326ad1;\"><span style=\"font-size: 14pt; ;color: #ffffff;\"><strong>Lizenzkosten<\/strong><\/span><\/td><\/tr><tr><td style=\"font-size: 4pt; border-color: #ffffff; border-width: 1px; background-color: #ffffff;\">\u00a0<\/td><\/tr><\/tbody><\/table><\/div><p style=\"margin: 0px 0px 15px; padding: 0px; border: 0px none; outline: 0px none; background-color: transparent; color: #111111; font-family: Helvetica,Arial,sans-serif; text-align: justify;\">Zus\u00e4tzlich zu den Beitr\u00e4gen an die Aikidoschule-Lyss wird j\u00e4hrlich ein Betrag f\u00fcr eine g\u00fcltige Lizenz des Verbands ACSA verrechnet. Diese ist obligatorisch und erm\u00f6glicht die Teilnahme an offiziellen Verbands-Lehrg\u00e4ngen zu einem stark reduzierten Preis.<\/p><div style=\"overflow-x: auto;\"><table><tbody><tr style=\"background-color: #dddddd;\"><th style=\"text-align: left;\">\u00a0<\/th><th>Bei Neueintritt<\/th><th>Bestehende Mitglieder<\/th><\/tr><tr><td>Erwachsene (Jugentliche ab dem 19. Lebensjahr)<\/td><td style=\"text-align: right;\">70 CHF\/Jahr<\/td><td style=\"text-align: right;\">60 CHF\/Jahr<\/td><\/tr><tr><td>Jugentliche bis zum 18. Lebensjahr<\/td><td style=\"text-align: right;\">15 CHF\/Jahr<\/td><td style=\"text-align: right;\">5 CHF\/Jahr<\/td><\/tr><\/tbody><\/table><\/div><p>\u00a0<\/p><div style=\"overflow-x: auto;\"><table><tbody><tr><td style=\"border-color: #326ad1; border-width: 1px; background-color: #326ad1;\"><span style=\"font-size: 14pt; ;color: #ffffff;\"><strong>Pr\u00fcfungsgeb\u00fchren<\/strong><\/span><\/td><\/tr><tr><td style=\"font-size: 4pt; border-color: #ffffff; border-width: 1px; background-color: #ffffff;\">\u00a0<\/td><\/tr><\/tbody><\/table><\/div><p style=\"text-align: justify;\">Pr\u00fcfungen sind kostenpflichtig.Siehe <strong><a href=\"https:\/\/aikidoschule-lyss.ch\/aikidolyss2025\/wo-finden-sie-uns\/\">Pr\u00fcfungen<\/a><\/strong><\/p><div style=\"overflow-x: auto;\"><table><tbody><tr><td style=\"border-color: #326ad1; border-width: 1px; background-color: #326ad1;\"><span style=\"font-size: 14pt; ;color: #ffffff;\"><strong>Rechungsstellung<\/strong><\/span><\/td><\/tr><tr><td style=\"font-size: 4pt; border-color: #ffffff; border-width: 1px; background-color: #ffffff;\">\u00a0<\/td><\/tr><\/tbody><\/table><\/div><p style=\"margin: 0px 0px 15px; padding: 0px; border: 0px none; outline: 0px none; background-color: transparent; color: #111111; font-family: Helvetica,Arial,sans-serif; text-align: justify;\"><strong style=\"margin: 0px; padding: 0px; border: 0px; outline: 0px; background-color: transparent;\"><br \/><\/strong>Die Rechnungsstellung findet nach Wahl 1 oder 2 mal j\u00e4hrlich statt.<br \/>(Durch diese Zahlungsmodalit\u00e4t k\u00f6nnen wir die Verwaltungskosten gering halten und sicherstellen das die Mitgliederbeitr\u00e4ge so tief wie m\u00f6glich gehalten werden k\u00f6nnen.)<br \/>Beginnt ein Mitglied anfangs M\u00e4rz, werden die Monate Januar und Februar von der Jahres- oder Semesterrechnung abgezogen.<\/p><p style=\"text-align: justify;\">Bei Interesse nehmen Sie\u00a0<span style=\"color: #0000ff;\"><strong><a style=\"color: #0000ff;\" title=\"Cercle d'aikido\" href=\"kontakt\">Kontakt<\/a><\/strong><\/span>\u00a0mit uns auf<\/p>\t\t\t\t\t\t\t\t<\/div>\n\t\t\t\t<\/div>\n\t\t\t\t\t<\/div>\n\t\t\t\t<\/div>\n\t\t\t\t<\/div>\n\t\t","protected":false},"excerpt":{"rendered":"<p>\u00a0 Trainingszeiten \u00a0 Erwachsene Tag Zeit \u00a0 Dienstag 18:30 &#8211; 19:45 \u00a0 Donnerstag [&hellip;]<\/p>\n","protected":false},"author":1,"featured_media":0,"parent":0,"menu_order":2,"comment_status":"closed","ping_status":"closed","template":"","meta":{"_crdt_document":"","_price":"","_stock":"","_tribe_ticket_header":"","_tribe_default_ticket_provider":"","_tribe_ticket_capacity":"0","_ticket_start_date":"","_ticket_end_date":"","_tribe_ticket_show_description":"","_tribe_ticket_show_not_going":false,"_tribe_ticket_use_global_stock":"","_tribe_ticket_global_stock_level":"","_global_stock_mode":"","_global_stock_cap":"","_tribe_rsvp_for_event":"","_tribe_ticket_going_count":"","_tribe_ticket_not_going_count":"","_tribe_tickets_list":"[]","_tribe_ticket_has_attendee_info_fields":false,"_kadence_starter_templates_imported_post":false,"footnotes":"","_tec_slr_enabled":"","_tec_slr_layout":""},"class_list":["post-264","page","type-page","status-publish","hentry"],"ticketed":false,"_links":{"self":[{"href":"https:\/\/aikidoschule-lyss.ch\/aikidolyss2025\/wp-json\/wp\/v2\/pages\/264","targetHints":{"allow":["GET"]}}],"collection":[{"href":"https:\/\/aikidoschule-lyss.ch\/aikidolyss2025\/wp-json\/wp\/v2\/pages"}],"about":[{"href":"https:\/\/aikidoschule-lyss.ch\/aikidolyss2025\/wp-json\/wp\/v2\/types\/page"}],"author":[{"embeddable":true,"href":"https:\/\/aikidoschule-lyss.ch\/aikidolyss2025\/wp-json\/wp\/v2\/users\/1"}],"replies":[{"embeddable":true,"href":"https:\/\/aikidoschule-lyss.ch\/aikidolyss2025\/wp-json\/wp\/v2\/comments?post=264"}],"version-history":[{"count":7,"href":"https:\/\/aikidoschule-lyss.ch\/aikidolyss2025\/wp-json\/wp\/v2\/pages\/264\/revisions"}],"predecessor-version":[{"id":788,"href":"https:\/\/aikidoschule-lyss.ch\/aikidolyss2025\/wp-json\/wp\/v2\/pages\/264\/revisions\/788"}],"wp:attachment":[{"href":"https:\/\/aikidoschule-lyss.ch\/aikidolyss2025\/wp-json\/wp\/v2\/media?parent=264"}],"curies":[{"name":"wp","href":"https:\/\/api.w.org\/{rel}","templated":true}]}}

<div data-elementor-type="wp-page" data-elementor-id="264" class="elementor elementor-264" data-elementor-post-type="page">
				<div class="elementor-element elementor-element-6cab1105 e-flex e-con-boxed e-con e-parent" data-id="6cab1105" data-element_type="container" data-e-type="container">
					<div class="e-con-inner">
				<div class="elementor-element elementor-element-349959e5 elementor-widget elementor-widget-text-editor" data-id="349959e5" data-element_type="widget" data-e-type="widget" data-widget_type="text-editor.default">
				<div class="elementor-widget-container">
									<div style="overflow-x: auto;"><p> </p><table><tbody><tr><td style="border-color: #326ad1; border-width: 1px; background-color: #326ad1;"><span style="font-size: 14pt; color: #ffffff;"><strong>Trainingszeiten</strong></span></td></tr><tr><td style="font-size: 4pt; border-color: #ffffff; border-width: 1px; background-color: #ffffff;"> </td></tr></tbody></table></div><div style="overflow: scroll;"><table class="table table-striped table-bordered table-hover table-condensed" style="width: 1089px;"><tbody><tr style="background-color: #dddddd;"><td><strong style="margin: 0px; padding: 0px; border: 0px; outline: 0px; background-color: transparent;">Erwachsene</strong></td><td><strong>Tag</strong></td><td><strong>Zeit</strong></td></tr><tr><td> </td><td>Dienstag</td><td>18:30 &#8211; 19:45</td></tr><tr><td> </td><td>Donnerstag</td><td>18.30 &#8211; 19:45</td></tr><tr><td> </td><td> </td><td> </td></tr><tr style="background-color: #dddddd;"><td><strong style="margin: 0px; padding: 0px; border: 0px; outline: 0px; background-color: transparent;">Kinder ab 6 Jahren</strong></td><td><strong>Tag</strong></td><td><strong>Zeit</strong></td></tr><tr><td> </td><td><strong style="margin: 0px; padding: 0px; border: 0px; outline: 0px; background-color: transparent;">Dienstag</strong></td><td>17:30 &#8211; 18:30</td></tr><tr><td> </td><td>Donnerstag</td><td>17:30 &#8211; 18:30</td></tr></tbody></table></div><p><strong> </strong></p><div style="overflow-x: auto;"><table><tbody><tr><td style="border-color: #326ad1; border-width: 1px; background-color: #326ad1; ;color: #ffffff;"><strong>Trainingszeiten aller Schulen des Cercle Aikido</strong></td></tr><tr><td style="font-size: 4pt; border-color: #ffffff; border-width: 1px; background-color: #ffffff;"> </td></tr></tbody></table></div><div style="overflow-x: auto;"><table><tbody><tr><th style="text-align: left;">Dojo</th><th style="text-align: left;">Tag</th><th style="text-align: left;">Zeit(en)</th><th style="text-align: left;">Teilnehmer</th></tr><tr><td style="text-align: left;">Zollikofen</td><td>Donnerstag</td><td>12.15–13.30</td><td>Freies Training Erwachsene; bitte bei mir melden</td></tr><tr style="height: 8px;"><td> </td><td>Donnerstag</td><td>16.45–17.45<br />18.00–19.00</td><td>Kinder bis und mit 11 Jahren<br />Kinder ab 12 Jahren oder ab Grüngurt</td></tr><tr><td> </td><td>Donnerstag</td><td>18.00–19.00</td><td>Erwachsene</td></tr><tr><td>Lyss</td><td>Dienstag</td><td>17.30–18.30</td><td>Kinder</td></tr><tr><td> </td><td>Dienstag</td><td>18.30–19.45</td><td>Erwachsene</td></tr><tr><td> </td><td>Donnerstag</td><td>17.30–18.30</td><td>Kinder</td></tr><tr><td> </td><td>Donnerstag</td><td>18.30–19.45</td><td>Erwachsene</td></tr><tr><td>Ostermundigen</td><td>Mittwoch</td><td>17:15–18.15<br />18:15–19:15<br />18.15–19.30</td><td>Kinder (Alle)<br />Kinder (ab 4. Kyu, Blaugurt)<br />Erwachsene</td></tr><tr><td> </td><td>Mittwoch</td><td>17:15–18.15<br />18:15–19:15<br />18.15–19.30</td><td>Kinder (Alle)<br />Kinder (ab 4. Kyu, Blaugurt)<br />Erwachsene</td></tr></tbody></table></div><p> </p><p><strong>Beiträge pro Monat ab Januar 2017:</strong></p><div style="overflow-x: auto;"><table><tbody><tr><td style="border-color: #326ad1; border-width: 1px; background-color: #326ad1;"><span style="font-size: 14pt; ;color: #ffffff;"><strong>Probetraining</strong></span></td></tr><tr><td style="font-size: 4pt; border-color: #ffffff; border-width: 1px; background-color: #ffffff;"> </td></tr></tbody></table></div><p>Ein Probetraining ist jederzeit ohne Anmeldung möglich. Die benötigte Ausrüstung für das Probetraining oder den Probemonat sind:</p><ul><li>eine lange Trainerhose</li><li>ein T-Shirt</li><li>ein grosses Badetuch/Duschmittel wenn im Dojo geduscht wird.</li></ul><p>Der Trainierende oder seine gesetztlichen Vertreter sind für die notwendige Versicherungsdeckung verantwortlich (Unfall/privat Haftpflicht).</p><p> </p><div style="overflow-x: auto;"><table><tbody><tr><td style="border-color: #326ad1; border-width: 1px; background-color: #326ad1;"><span style="font-size: 14pt; ;color: #ffffff;"><strong>Beiträge</strong></span></td></tr><tr><td style="border-color: #ffffff; border-width: 1px; background-color: #ffffff;"> </td></tr></tbody></table></div><p style="text-align: justify;"><span style="color: #111111; font-family: Helvetica, Arial, sans-serif;">Die Beträge wurde so berechnet das Beitragsreduktionen für Ferien und Feiertage schon abgezogen wurden.</span></p><p>Bei Kindern wird im 2. Semester ein Rabatt gewährt da die 6 Wochen Sommerferien abgezogen werden.</p><div style="overflow-x: auto;"><table><tbody><tr style="background-color: #dddddd;"><th style="text-align: left;">Kategorie</th><th style="text-align: left;">Jahresbeitrag</th><th style="text-align: left;">Semester 1 (Jan-Jun)</th><th style="text-align: left;">Semester 2 (Jul-Dez)</th><th style="text-align: left;">Monatsbeitrag</th></tr><tr><td>Erwachsene</td><td style="text-align: right;">696 CHF</td><td style="text-align: right;">348 CHF</td><td style="text-align: right;">348 CHF</td><td style="text-align: right;">58 CHF</td></tr><tr><td>Kinder und Jugendliche bis 18 Jahren</td><td style="text-align: right;">420 CHF</td><td style="text-align: right;">228 CHF</td><td style="text-align: right;">190.00 CHF</td><td style="text-align: right;">38 CHF</td></tr></tbody></table></div><p><strong>Partnerbeiträge<br /></strong></p><ul style="list-style-type: circle;"><li>2 Kinder aus der gleichen Familie bezahlen je CHF 27.00</li><li>Elternteil und Kind bezahlen CHF 58.00 pro Erwachsene und CHF 27.00 pro Kind</li><li>Zwei Erwachsene aus dem gleichen Haushalt CHF 58.00 die zweite Person CHF 48.00</li></ul><div style="overflow-x: auto;"><table><tbody><tr><td style="border-color: #326ad1; border-width: 1px; background-color: #326ad1;"><span style="font-size: 14pt; ;color: #ffffff;"><strong>Lizenzkosten</strong></span></td></tr><tr><td style="font-size: 4pt; border-color: #ffffff; border-width: 1px; background-color: #ffffff;"> </td></tr></tbody></table></div><p style="margin: 0px 0px 15px; padding: 0px; border: 0px none; outline: 0px none; background-color: transparent; color: #111111; font-family: Helvetica,Arial,sans-serif; text-align: justify;">Zusätzlich zu den Beiträgen an die Aikidoschule-Lyss wird jährlich ein Betrag für eine gültige Lizenz des Verbands ACSA verrechnet. Diese ist obligatorisch und ermöglicht die Teilnahme an offiziellen Verbands-Lehrgängen zu einem stark reduzierten Preis.</p><div style="overflow-x: auto;"><table><tbody><tr style="background-color: #dddddd;"><th style="text-align: left;"> </th><th>Bei Neueintritt</th><th>Bestehende Mitglieder</th></tr><tr><td>Erwachsene (Jugentliche ab dem 19. Lebensjahr)</td><td style="text-align: right;">70 CHF/Jahr</td><td style="text-align: right;">60 CHF/Jahr</td></tr><tr><td>Jugentliche bis zum 18. Lebensjahr</td><td style="text-align: right;">15 CHF/Jahr</td><td style="text-align: right;">5 CHF/Jahr</td></tr></tbody></table></div><p> </p><div style="overflow-x: auto;"><table><tbody><tr><td style="border-color: #326ad1; border-width: 1px; background-color: #326ad1;"><span style="font-size: 14pt; ;color: #ffffff;"><strong>Prüfungsgebühren</strong></span></td></tr><tr><td style="font-size: 4pt; border-color: #ffffff; border-width: 1px; background-color: #ffffff;"> </td></tr></tbody></table></div><p style="text-align: justify;">Prüfungen sind kostenpflichtig.Siehe <strong><a href="https://aikidoschule-lyss.ch/aikidolyss2025/wo-finden-sie-uns/">Prüfungen</a></strong></p><div style="overflow-x: auto;"><table><tbody><tr><td style="border-color: #326ad1; border-width: 1px; background-color: #326ad1;"><span style="font-size: 14pt; ;color: #ffffff;"><strong>Rechungsstellung</strong></span></td></tr><tr><td style="font-size: 4pt; border-color: #ffffff; border-width: 1px; background-color: #ffffff;"> </td></tr></tbody></table></div><p style="margin: 0px 0px 15px; padding: 0px; border: 0px none; outline: 0px none; background-color: transparent; color: #111111; font-family: Helvetica,Arial,sans-serif; text-align: justify;"><strong style="margin: 0px; padding: 0px; border: 0px; outline: 0px; background-color: transparent;"><br /></strong>Die Rechnungsstellung findet nach Wahl 1 oder 2 mal jährlich statt.<br />(Durch diese Zahlungsmodalität können wir die Verwaltungskosten gering halten und sicherstellen das die Mitgliederbeiträge so tief wie möglich gehalten werden können.)<br />Beginnt ein Mitglied anfangs März, werden die Monate Januar und Februar von der Jahres- oder Semesterrechnung abgezogen.</p><p style="text-align: justify;">Bei Interesse nehmen Sie <span style="color: #0000ff;"><strong><a style="color: #0000ff;" title="Cercle d'aikido" href="kontakt">Kontakt</a></strong></span> mit uns auf</p>								</div>
				</div>
					</div>
				</div>
				</div>
